digit of 1490?
9
What is the units digit of 1857?
7
What is the ten thousands digit of 14406?
1
What is the thousands digit of 50599?
0
What is the ten thousands digit of 24194?
2
What is the units digit of 26247?
7
What is the ten thousands digit of 29280?
2
What is the thousands digit of 36824?
6
What is the hundreds digit of 13970?
9
What is the hundreds digit of 1775?
7
What is the tens digit of 495?
9
What is the hundreds digit of 271?
2
What is the hundreds digit of 20988?
9
What is the thousands digit of 1331?
1
What is the tens digit of 11645?
4
What is the hundreds digit of 3993?
9
What is the tens digit of 745?
4
What is the units digit of 6225?
5
What is the thousands digit of 2274?
2
What is the ten thousands digit of 71980?
7
What is the units digit of 5854?
4
What is the hundreds digit of 2890?
8
What is the ten thousands digit of 86113?
8
What is the thousands digit of 40042?
0
What is the thousands digit of 14420?
4
What is the units digit of 395?
5
What is the units digit of 2692?
2
What is the units digit of 4777?
7
What is the hundreds digit of 206?
2
What is the thousands digit of 3573?
3
What is the tens digit of 37915?
1
What is the tens digit of 6541?
4
What is the hundreds digit of 5491?
4
What is the tens digit of 2754?
5
What is the tens digit of 715?
1
What is the hundreds digit of 21569?
5
What is the units digit of 7268?
8
What is the units digit of 99232?
2
What is the ten thousands digit of 55498?
5
What is the thousands digit of 75730?
5
What is the tens digit of 1536?
3
What is the tens digit of 25461?
6
What is the tens digit of 1255?
5
What is the units digit of 12?
2
What is the tens digit of 77450?
5
What is the tens digit of 6165?
6
What is the tens digit of 273?
7
What is the hundreds digit of 1048?
0
What is the hundred thousands digit of 125065?
1
What is the units digit of 1225?
5
What is the thousands digit of 4386?
4
What is the thousands digit of 1600?
1
What is the thousands digit of 8690?
8
What is the tens digit of 1904?
0
What is the hundreds digit of 1081?
0
What is the tens digit of 3827?
2
What is the thousands digit of 56880?
6
What is the units digit of 2388?
8
What is the tens digit of 3461?
6
What is the ten thousands digit of 12176?
1
What is the units digit of 823?
3
What is the thousands digit of 2781?
2
What is the ten thousands digit of 38608?
3
What is the tens digit of 3297?
9
What is the units digit of 1455?
5
What is the units digit of 2016?
6
What is the thousands digit of 1490?
1
What is the units digit of 12?
2
What is the thousands digit of 26036?
6
What is the units digit of 4164?
4
What is the thousands digit of 1250?
1
What is the thousands digit of 56847?
6
What is the tens digit of 12309?
0
What is the hundreds digit of 1032?
0
What is the ten thousands digit of 88514?
8
What is the hundreds digit of 8679?
6
What is the units digit of 13308?
8
What is the thousands digit of 11441?
1
What is the units digit of 530?
0
What is the thousands digit of 21245?
1
What is the hundreds digit of 26871?
8
What is the hundreds digit of 9897?
8
What is the tens digit of 3244?
4
What is the hundreds digit of 951?
9
What is the ten thousands digit of 11656?
1
What is the thousands digit of 1582?
1
What is the tens digit of 1561?
6
What is the thousands digit of 6458?
6
What is the units digit of 27260?
0
What is the thousands digit of 22285?
2
What is the ten thousands digit of 168862?
6
What is the thousands digit of 59790?
9
What is the hundreds digit of 8999?
9
What is the hundreds digit of 32700?
7
What is the tens digit of 1476?
7
What is the ten thousands digit of 50316?
5
What is the units digit of 1666?
6
What is the units digit of 151191?
1
What is the tens digit of 37?
3
What is the thousands digit of 19696?
9
What is the hundreds digit of 2318?
3
What is the units digit of 4732?
2
What is the tens digit of 310?
1
What is the hundreds digit of 37855?
8
What is the hundreds digit of 8940?
9
What is the thousands digit of 1723?
1
What is the tens digit of 541?
4
What is the units digit of 758?
8
What is the units digit of 16416?
6
What is the thousands digit of 155552?
5
What is the tens digit of 39608?
0
What is the units digit of 86567?
7
What is the thousands digit of 54172?
4
What is the thousands digit of 1050?
1
What is the thousands digit of 52322?
2
What is the thousands digit of 5189?
5
What is the tens digit of 6218?
1
What is the hundreds digit of 49696?
6
What is the thousands digit of 9955?
9
What is the units digit of 760?
0
What is the thousands digit of 2287?
2
What is the hundreds digit of 31067?
0
What is the tens digit of 1000?
0
What is the hundreds digit of 808?
8
What is the thousands digit of 1439?
1
What is the hundreds digit of 4027?
0
What is the hundreds digit of 371?
3
What is the tens digit of 891?
9
What is the units digit of 1406?
6
What is the tens digit of 4154?
5
What is the units digit of 907?
7
What is the hundreds digit of 171569?
5
What is the tens digit of 827?
2
What is the thousands digit of 4195?
4
What is the thousands digit of 31144?
1
What is the thousands digit of 1767?
1
What is the thousands digit of 4301?
4
What is the tens digit of 70568?
6
What is the thousands digit of 3286?
3
What is the units digit of 3053?
3
What is the ten thousands digit of 13718?
1
What is the units digit of 8915?
5
What is the tens digit of 72?
7
What is the tens digit of 80?
8
What is the units digit of 1201?
1
What is the units digit of 5?
5
What is the thousands digit of 32522?
2
What is the thousands digit of 3620?
3
What is the tens digit of 7097?
9
What is the tens digit of 2348?
4
What is the ten thousands digit of 38394?
3
What is the tens digit of 1542?
4
What is the tens digit of 3793?
9
What is the tens digit of 26160?
6
What is the hundreds digit of 2616?
6
What is the tens digit of 8999?
9
What is the thousands digit of 11053?
1
What is the tens digit of 1513?
1
What is the hundreds digit of 1212?
2
What is the tens digit of 9650?
5
What is the thousands digit of 83552?
3
What is the hundreds digit of 6760?
7
What is the tens digit of 57878?
7
What is the tens digit of 3909?
0
What is the tens digit of 399?
9
What is the ten thousands digit of 41472?
4
What is the units digit of 1797?
7
What is the tens digit of 106?
0
What is the hundreds digit of 2860?
8
What is the hundreds digit of 6544?
5
What is the thousands digit of 3883?
3
What is the tens digit of 11807?
0
What is the ten thousands digit of 19889?
1
What is the ten thousands digit of 60588?
6
What is the units digit of 1040?
0
What is the hundreds digit of 6137?
1
What is the hundreds digit of 251?
2
What is the units digit of 14142?
2
What is the thousands digit of 6628?
6
What is the hundreds digit of 3700?
7
What is the tens digit of 7877?
7
What is the thousands digit of 3203?
3
What is the units digit of 26499?
9
What is the thousands digit of 86988?
6
What is the units digit of 2722?
2
What is the hundreds digit of 76159?
1
What is the ten thousands digit of 85075?
8
What is the thousands digit of 22037?
2
What is the hundreds digit of 568?
5
What is the hundreds digit of 4354?
3
What is the hundreds digit of 1915?
9
What is the hundreds digit of 71876?
8
What is the ten thousands digit of 121725?
2
What is the hundreds digit of 515?
5
What is the hundreds digit of 601?
6
What is the units digit of 1432?
2
What is the tens digit of 1897?
9
What is the hundreds digit of 419?
4
What is the tens digit of 5056?
5
What is the units digit of 463?
3
What is the tens digit of 30123?
2
What is the hundreds digit of 1202?
2
What is the hundreds digit of 2058?
0
What is the units digit of 17376?
6
What is the ten thousands digit of 13533?
1
What is the tens digit of 1808?
0
What is the units digit of 107309?
9
What is the tens digit of 23845?
4
What is the hundreds digit of 45219?
2
What is the tens digit of 545?
4
What is the thousands digit of 9878?
9
What is the hundreds digit of 1598?
5
What is the hundreds digit of 1219?
2
What is the hundreds digit of 7904?
9
What is the tens digit of 17422?
2
What is the hundreds digit of 6446?
4
What is the thousands digit of 3627?
3
What is the units digit of 97327?
7
What is the tens digit of 739?
3
What is the thousands digit of 42035?
2